10
8754
Convert 120011 (base 5) to base 9.
6007
Convert 5cb (base 14) to base 7.
3244
Convert 111001110110000 (base 2) to base 10.
29616
What is 8bd (base 16) in base 5?
32422
100100010101 (base 2) to base 13
109b
Convert -3112 (base 6) to base 7.
-2006
Convert -100001101010 (base 2) to base 12.
-12b6
Convert 11780 (base 13) to base 3.
1121221212
What is bc9 (base 14) in base 15?
a58
Convert -120320 (base 5) to base 8.
-10554
Convert 443 (base 9) to base 4.
11223
What is 10111001000 (base 2) in base 3?
2000211
What is 5051 (base 9) in base 2?
111001101011
Convert -218 (base 14) to base 7.
-1131
85b5 (base 14) to base 8
55063
What is -15b (base 12) in base 6?
-555
What is -2a3 (base 14) in base 9?
-654
What is 159bc (base 14) in base 4?
31030302
Convert 4cb (base 13) to base 5.
11333
-39f (base 16) to base 15
-41c
aab1 (base 12) to base 7
105652
What is 1111413 (base 5) in base 9?
28806
Convert 14 (base 5) to base 16.
9
-21231 (base 4) to base 16
-26d
What is -5314 (base 7) in base 13?
-b11
Convert 134421 (base 6) to base 10.
12685
Convert 4473 (base 8) to base 3.
10020112
Convert -212021 (base 3) to base 16.
-274
-11101 (base 3) to base 5
-433
What is -1100110000 (base 2) in base 7?
-2244
-8382 (base 13) to base 15
-55c9
What is 14203 (base 8) in base 16?
1883
What is 122553 (base 6) in base 8?
25405
What is 22155 (base 6) in base 16?
c17
-2012 (base 5) to base 15
-122
Convert 237 (base 12) to base 7.
652
-66460 (base 8) to base 12
-14214
What is 29 (base 16) in base 6?
105
What is -1320021 (base 4) in base 6?
-55333
Convert 11145 (base 7) to base 2.
101100001010
Convert -3884 (base 13) to base 6.
-101135
Convert -10535 (base 9) to base 6.
-52222
331 (base 5) to base 2
1011011
What is 10302 (base 6) in base 7?
4046
What is -324120 (base 5) in base 8?
-25630
-17181 (base 14) to base 13
-204a5
Convert 10111010011100 (base 2) to base 4.
2322130
What is 10210 (base 7) in base 14?
cb0
What is 101101000 (base 2) in base 16?
168
-5a (base 12) to base 15
-4a
What is -116 (base 15) in base 14?
-138
What is -66 (base 8) in base 15?
-39
Convert -249c (base 13) to base 7.
-21105
Convert 13030 (base 5) to base 11.
843
Convert -1281 (base 12) to base 9.
-2807
-1402 (base 8) to base 3
-1001112
8156 (base 10) to base 12
4878
Convert 6ba (base 14) to base 4.
110330
What is -1056 (base 8) in base 16?
-22e
Convert -11201 (base 4) to base 14.
-1b3
Convert -10122 (base 5) to base 13.
-3bc
150166 (base 7) to base 14
a76d
What is -634 (base 16) in base 13?
-952
-3002320 (base 4) to base 11
-9409
aca (base 13) to base 9
2482
5158 (base 15) to base 6
211315
14a38 (base 13) to base 3
1222121122
-21232 (base 5) to base 14
-750
-de (base 16) to base 11
-192
412023 (base 5) to base 4
3101030
Convert -782 (base 13) to base 5.
-20124
8774 (base 12) to base 9
22417
What is -740 (base 13) in base 15?
-575
What is -1111111111101000 (base 2) in base 13?
-23a85
Convert -1108 (base 10) to base 11.
-918
What is -2232 (base 5) in base 12?
-225
-12221 (base 3) to base 14
-b6
-4a0 (base 13) to base 9
-1085
260 (base 15) to base 16
21c
What is 1001100111010 (base 2) in base 15?
16d2
Convert 27135 (base 12) to base 11.
37427
-de5b (base 16) to base 11
-39849
Convert -1028 (base 10) to base 11.
-855
Convert a5 (base 11) to base 8.
163
Convert 344 (base 14) to base 9.
800
Convert -34550 (base 6) to base 3.
-20210210
Convert -50d (base 16) to base 7.
-3525
215 (base 13) to base 2
101100100
Convert -10060 (base 10) to base 13.
-476b
Convert 1212320 (base 4) to base 13.
2cc6
6681 (base 9) to base 7
20245
5216 (base 8) to base 16
a8e
-2105 (base 13) to base 8
-10730
512 (base 10) to base 12
368
2632 (base 15) to base 3
102011202
Convert 1011101001 (base 2) to base 7.
2113
Convert -1031222 (base 4) to base 8.
-11552
-2209 (base 11) to base 14
-10c1
What is -1021 (base 7) in base 14?
-1b8
Convert 29b6 (base 14) to base 13.
34b2
What is 66604 (base 9) in base 4?
22303012
Convert -11304 (base 9) to base 4.
-1311301
Convert -1aa (base 12) to base 15.
-134
What is -12023 (base 5) in base 9?
-1186
Convert -111323 (base 4) to base 8.
-2573
What is -26a (base 13) in base 16?
-1aa
What is 2857 (base 10) in base 16?
b29
-1033 (base 15) to base 2
-110101011111
Convert -4b1e (base 15) to base 7.
-64442
Convert 829 (base 13) to base 15.
627
Convert -1001 (base 2) to base 14.
-9
What is 40a3 (base 12) in base 5?
211120
32466 (base 8) to base 15
4082
-101011000001 (base 2) to base 4
-223001
What is 8a (base 11) in base 4?
1202
What is -20200 (base 4) in base 15?
-264
Convert 4a4 (base 12) to base 16.
2bc
Convert 85 (base 15) to base 10.
125
What is -1207 (base 11) in base 8?
-3054
What is -313 (base 7) in base 8?
-235
What is 143 (base 13) in base 7?
440
1010110000111011 (base 2) to base 7
242355
What is -32 (base 14) in base 7?
-62
Convert 1275 (base 14) to base 9.
4388
What is 57 (base 14) in base 6?
205
-1488 (base 9) to base 5
-14013
What is 41640 (base 7) in base 13?
489c
What is -110020 (base 4) in base 15?
-5ad
Convert 302141 (base 6) to base 14.
8977
Convert -10001110122 (base 3) to base 9.
-101418
What is 396 (base 14) in base 5?
10340
What is 4b28 (base 15) in base 5?
1003023
What is -148845 (base 9) in base 7?
-531452
What is 35164 (base 7) in base 15?
2a0d
-386 (base 14) to base 11
-592
Convert -3075 (base 9) to base 4.
-203033
12021011 (base 3) to base 5
110323
Convert 17430 (base 9) to base 11.
9033
-1110001111 (base 2) to base 3
-1020202
-89b (base 15) to base 12
-1162
Convert 10100010101 (base 2) to base 6.
10005
What is 1370 (base 10) in base 13?
815
-4599 (base 13) to base 16
-261f
What is -552 (base 10) in base 3?
-202110
-22202 (base 3) to base 10
-236
Convert 1703 (base 9) to base 6.
10003
Convert -1112212 (base 3) to base 5.
-14010
Convert 1817 (base 9) to base 15.
62d
376 (base 9) to base 3
102120
6c7 (base 15) to base 8
3001
What is 10000000100 (base 2) in base 15?
488
What is -111211201 (base 3) in base 12?
-5a0a
-210301 (base 4) to base 9
-3204
Convert -244a2 (base 11) to base 12.
-18456
-7a66 (base 12) to base 11
-a257
1320 (base 5) to base 12
156
Convert 1356 (base 11) to base 8.
3333
-a56 (base 12) to base 6
-10550
-3645 (base 10) to base 7
-13425
What is -3105 (base 6) in base 5?
-10224
Convert 100001100100 (base 2) to base 6.
13540
3080 (base 11) to base 6
30521
Convert 11001001010000 (base 2) to base 15.
3c3a
Convert -6372 (base 16) to base 10.
-25458
Convert -62515 (base 7) to base 9.
-23044
What is 109b (base 13) in base 6?
14433
What is -212330 (base 5) in base 10?
-7215
-4200 (base 7) to base 15
-680
-44 (base 11) to base 3
-1210
Convert 23c (base 13) to base 12.
285
-435 (base 7) to base 9
-266
-1101011110110 (base 2) to base 16
-1af6
What is -12033030 (base 4) in base 6?
-314140
-138 (base 16) to base 5
-2222
What is 3414 (base 16) in base 14?
4c04
Convert 23226 (base 7) to base 5.
142244
Convert -2bb (base 12) to base 4.
-12233
88 (base 15) to base 5
1003
Convert 1024 (base 6) to base 4.
3220
64130 (base 9) to base 6
524130
What is a5 (base 16) in base 12?
119
Convert 454 (base 10) to base 11.
383
What is -d8b (base 15) in base 9?
-4165
-13112230 (base 4) to base 12
-15524
-1725 (base 11) to base 4
-202131
-135 (base 14) to base 16
-f3
413 (base 6) to base 8
231
What is 3415 (base 6) in base 4?
30203
-10110 (base 2) to base 10
-22
Convert 1715 (base 11) to base 10.
2194
What is -1002 (base 4) in base 6?
-150
Convert 30530 (base 6) to base 5.
112321
Convert 25a (base 13) to base 5.
3123
What is -672 (base 14) in base 10?
-1276
What is -11233333 (base 4) in base 2?
-101101111111111
What is 9c4 (base 14) in base 13?
b5c
Convert -3b9 (base 13) to base 10.
-659
-11706 (base 10) to base 7
-46062
What is 3a598 (base 11) in base 14?
1718d
2363 (base 10) to base 6
14535
Convert 1a5 (base 13) to base 5.
2204
Convert -14979 (base 14) to base 16.
-c83f
Convert -1221 (base 3) to base 8.
-64
Convert -4ca (base 15) to base 14.
-57c
Convert 228 (base 13) to base 4.
11310
51669 (base 10) to base 6
1035113
Convert -15c2 (base 14) to base 6.
-30010
What is -15182 (base 10) in base 6?
-154142
What is 58 (base 15) in base 10?
83
10104 (base 5) to base 7
1623
What is -15094 (base 10) in base 4?
-3223312
What is 100101101000101 (base 2) in base 13?
8a03
Convert 2a8 (base 12) to base 14.